[INFO] fetching crate bits 0.0.4...
[INFO] checking bits-0.0.4 against master#cfbc6d4cf1acbac5c025acf8ed68929caa551df3 for pr-75494-beta
[INFO] extracting crate bits 0.0.4 into /workspace/builds/worker-1/source
[INFO] validating manifest of crates.io crate bits 0.0.4 on toolchain cfbc6d4cf1acbac5c025acf8ed68929caa551df3
[INFO] running `Command { std: "/workspace/cargo-home/bin/cargo" "+cfbc6d4cf1acbac5c025acf8ed68929caa551df3" "read-manifest" "--manifest-path" "Cargo.toml", kill_on_drop: false }`
[INFO] started tweaking crates.io crate bits 0.0.4
[INFO] finished tweaking crates.io crate bits 0.0.4
[INFO] tweaked toml for crates.io crate bits 0.0.4 written to /workspace/builds/worker-1/source/Cargo.toml
[INFO] running `Command { std: "/workspace/cargo-home/bin/cargo" "+cfbc6d4cf1acbac5c025acf8ed68929caa551df3" "generate-lockfile" "--manifest-path" "Cargo.toml" "-Zno-index-update", kill_on_drop: false }`
[INFO] running `Command { std: "/workspace/cargo-home/bin/cargo" "+cfbc6d4cf1acbac5c025acf8ed68929caa551df3" "fetch" "--locked" "--manifest-path" "Cargo.toml", kill_on_drop: false }`
[INFO] running `Command { std: "docker" "create" "-v" "/var/lib/crater-agent-workspace/builds/worker-1/target:/opt/rustwide/target:rw,Z" "-v" "/var/lib/crater-agent-workspace/builds/worker-1/source:/opt/rustwide/workdir:ro,Z" "-v" "/var/lib/crater-agent-workspace/cargo-home:/opt/rustwide/cargo-home:ro,Z" "-v" "/var/lib/crater-agent-workspace/rustup-home:/opt/rustwide/rustup-home:ro,Z" "-e" "SOURCE_DIR=/opt/rustwide/workdir" "-e" "CARGO_TARGET_DIR=/opt/rustwide/target" "-e" "CARGO_HOME=/opt/rustwide/cargo-home" "-e" "RUSTUP_HOME=/opt/rustwide/rustup-home" "-w" "/opt/rustwide/workdir" "-m" "1610612736" "--user" "0:0" "--network" "none" "rustops/crates-build-env@sha256:a636fd89d022f18117e1dc8fb37a0a009933cdbbe082814857f0e2024962d47c" "/opt/rustwide/cargo-home/bin/cargo" "+cfbc6d4cf1acbac5c025acf8ed68929caa551df3" "metadata" "--no-deps" "--format-version=1", kill_on_drop: false }`
[INFO] [stdout] 7759b39e49ff3518f4dcb3cb6759a9220a89984c2ab99068128fcbea5f9bb026
[INFO] [stderr] WARNING: Your kernel does not support swap limit capabilities or the cgroup is not mounted. Memory limited without swap.
[INFO] running `Command { std: "docker" "start" "-a" "7759b39e49ff3518f4dcb3cb6759a9220a89984c2ab99068128fcbea5f9bb026", kill_on_drop: false }`
[INFO] running `Command { std: "docker" "inspect" "7759b39e49ff3518f4dcb3cb6759a9220a89984c2ab99068128fcbea5f9bb026", kill_on_drop: false }`
[INFO] running `Command { std: "docker" "rm" "-f" "7759b39e49ff3518f4dcb3cb6759a9220a89984c2ab99068128fcbea5f9bb026", kill_on_drop: false }`
[INFO] [stdout] 7759b39e49ff3518f4dcb3cb6759a9220a89984c2ab99068128fcbea5f9bb026
[INFO] running `Command { std: "docker" "create" "-v" "/var/lib/crater-agent-workspace/builds/worker-1/target:/opt/rustwide/target:rw,Z" "-v" "/var/lib/crater-agent-workspace/builds/worker-1/source:/opt/rustwide/workdir:ro,Z" "-v" "/var/lib/crater-agent-workspace/cargo-home:/opt/rustwide/cargo-home:ro,Z" "-v" "/var/lib/crater-agent-workspace/rustup-home:/opt/rustwide/rustup-home:ro,Z" "-e" "SOURCE_DIR=/opt/rustwide/workdir" "-e" "CARGO_TARGET_DIR=/opt/rustwide/target" "-e" "CARGO_INCREMENTAL=0" "-e" "RUST_BACKTRACE=full" "-e" "RUSTFLAGS=--cap-lints=forbid" "-e" "CARGO_HOME=/opt/rustwide/cargo-home" "-e" "RUSTUP_HOME=/opt/rustwide/rustup-home" "-w" "/opt/rustwide/workdir" "-m" "1610612736" "--user" "0:0" "--network" "none" "rustops/crates-build-env@sha256:a636fd89d022f18117e1dc8fb37a0a009933cdbbe082814857f0e2024962d47c" "/opt/rustwide/cargo-home/bin/cargo" "+cfbc6d4cf1acbac5c025acf8ed68929caa551df3" "check" "--frozen" "--all" "--all-targets" "--message-format=json", kill_on_drop: false }`
[INFO] [stdout] 86d3c0524450eb8833c9f1b1336f58b9c9ccda71c0caf3cbf44c5be2b7aa6831
[INFO] [stderr] WARNING: Your kernel does not support swap limit capabilities or the cgroup is not mounted. Memory limited without swap.
[INFO] running `Command { std: "docker" "start" "-a" "86d3c0524450eb8833c9f1b1336f58b9c9ccda71c0caf3cbf44c5be2b7aa6831", kill_on_drop: false }`
[INFO] [stderr]     Checking bits v0.0.4 (/opt/rustwide/workdir)
[INFO] [stdout] warning: lint `unsigned_negation` has been removed: `replaced by negate_unsigned feature gate`
[INFO] [stdout]   --> src/generic.rs:95:13
[INFO] [stdout]    |
[INFO] [stdout] 95 |     #[allow(unsigned_negation)]
[INFO] [stdout]    |             ^^^^^^^^^^^^^^^^^
[INFO] [stdout]    |
[INFO] [stdout]    = note: `#[warn(renamed_and_removed_lints)]` on by default
[INFO] [stdout] 
[INFO] [stdout] 
[INFO] [stdout] warning: lint `unsigned_negation` has been removed: `replaced by negate_unsigned feature gate`
[INFO] [stdout]   --> src/x86.rs:38:17
[INFO] [stdout]    |
[INFO] [stdout] 38 |         #[allow(unsigned_negation)]
[INFO] [stdout]    |                 ^^^^^^^^^^^^^^^^^
[INFO] [stdout] 
[INFO] [stdout] 
[INFO] [stdout] warning: lint `unsigned_negation` has been removed: `replaced by negate_unsigned feature gate`
[INFO] [stdout]   --> src/generic.rs:95:13
[INFO] [stdout]    |
[INFO] [stdout] 95 |     #[allow(unsigned_negation)]
[INFO] [stdout]    |             ^^^^^^^^^^^^^^^^^
[INFO] [stdout]    |
[INFO] [stdout]    = note: `#[warn(renamed_and_removed_lints)]` on by default
[INFO] [stdout] 
[INFO] [stdout] 
[INFO] [stdout] warning: lint `unsigned_negation` has been removed: `replaced by negate_unsigned feature gate`
[INFO] [stdout]   --> src/x86.rs:38:17
[INFO] [stdout]    |
[INFO] [stdout] 38 |         #[allow(unsigned_negation)]
[INFO] [stdout]    |                 ^^^^^^^^^^^^^^^^^
[INFO] [stdout] 
[INFO] [stdout] 
[INFO] [stdout] error[E0405]: cannot find trait `Int` in module `num`
[INFO] [stdout]  --> src/generic.rs:3:24
[INFO] [stdout]   |
[INFO] [stdout] 3 | pub trait BitOps: num::Int {
[INFO] [stdout]   |                        ^^^ not found in `num`
[INFO] [stdout]   |
[INFO] [stdout] help: consider importing this trait
[INFO] [stdout]   |
[INFO] [stdout] 1 | use generic::ops::range::fmt::num::Int;
[INFO] [stdout]   |
[INFO] [stdout] 
[INFO] [stdout] 
[INFO] [stdout] error[E0405]: cannot find trait `Int` in module `num`
[INFO] [stdout]    --> src/generic.rs:254:14
[INFO] [stdout]     |
[INFO] [stdout] 254 | impl<T: num::Int> BitOps for T {}
[INFO] [stdout]     |              ^^^ not found in `num`
[INFO] [stdout]     |
[INFO] [stdout] help: consider importing this trait
[INFO] [stdout]     |
[INFO] [stdout] 1   | use generic::ops::range::fmt::num::Int;
[INFO] [stdout]     |
[INFO] [stdout] 
[INFO] [stdout] 
[INFO] [stdout] error[E0554]: `#![feature]` may not be used on the beta release channel
[INFO] [stdout]  --> src/lib.rs:1:1
[INFO] [stdout]   |
[INFO] [stdout] 1 | #![feature(core)]
[INFO] [stdout]   | ^^^^^^^^^^^^^^^^^
[INFO] [stdout] 
[INFO] [stdout] 
[INFO] [stdout] error: aborting due to 3 previous errors; 2 warnings emitted
[INFO] [stdout] 
[INFO] [stdout] 
[INFO] [stdout] Some errors have detailed explanations: E0405, E0554.
[INFO] [stdout] 
[INFO] [stdout] For more information about an error, try `rustc --explain E0405`.
[INFO] [stdout] 
[INFO] [stderr] error: could not compile `bits`.
[INFO] [stderr] 
[INFO] [stderr] To learn more, run the command again with --verbose.
[INFO] [stderr] warning: build failed, waiting for other jobs to finish...
[INFO] [stdout] error[E0405]: cannot find trait `Int` in module `num`
[INFO] [stdout]  --> src/generic.rs:3:24
[INFO] [stdout]   |
[INFO] [stdout] 3 | pub trait BitOps: num::Int {
[INFO] [stdout]   |                        ^^^ not found in `num`
[INFO] [stdout]   |
[INFO] [stdout] help: consider importing this trait
[INFO] [stdout]   |
[INFO] [stdout] 1 | use generic::ops::range::fmt::num::Int;
[INFO] [stdout]   |
[INFO] [stdout] 
[INFO] [stdout] 
[INFO] [stdout] error[E0405]: cannot find trait `Int` in module `num`
[INFO] [stdout]    --> src/generic.rs:254:14
[INFO] [stdout]     |
[INFO] [stdout] 254 | impl<T: num::Int> BitOps for T {}
[INFO] [stdout]     |              ^^^ not found in `num`
[INFO] [stdout]     |
[INFO] [stdout] help: consider importing this trait
[INFO] [stdout]     |
[INFO] [stdout] 1   | use generic::ops::range::fmt::num::Int;
[INFO] [stdout]     |
[INFO] [stdout] 
[INFO] [stdout] 
[INFO] [stdout] error[E0554]: `#![feature]` may not be used on the beta release channel
[INFO] [stdout]  --> src/lib.rs:1:1
[INFO] [stdout]   |
[INFO] [stdout] 1 | #![feature(core)]
[INFO] [stdout]   | ^^^^^^^^^^^^^^^^^
[INFO] [stdout] 
[INFO] [stdout] 
[INFO] [stdout] error: aborting due to 3 previous errors; 2 warnings emitted
[INFO] [stdout] 
[INFO] [stdout] 
[INFO] [stdout] Some errors have detailed explanations: E0405, E0554.
[INFO] [stdout] 
[INFO] [stdout] For more information about an error, try `rustc --explain E0405`.
[INFO] [stdout] 
[INFO] [stderr] error: build failed
[INFO] running `Command { std: "docker" "inspect" "86d3c0524450eb8833c9f1b1336f58b9c9ccda71c0caf3cbf44c5be2b7aa6831", kill_on_drop: false }`
[INFO] running `Command { std: "docker" "rm" "-f" "86d3c0524450eb8833c9f1b1336f58b9c9ccda71c0caf3cbf44c5be2b7aa6831", kill_on_drop: false }`
[INFO] [stdout] 86d3c0524450eb8833c9f1b1336f58b9c9ccda71c0caf3cbf44c5be2b7aa6831
